{"id":364,"date":"2023-02-01T19:44:50","date_gmt":"2023-02-01T22:44:50","guid":{"rendered":"https:\/\/proirriga.com\/?page_id=364"},"modified":"2023-02-27T21:27:41","modified_gmt":"2023-02-28T00:27:41","slug":"quem-somos","status":"publish","type":"page","link":"https:\/\/proirriga.com\/?page_id=364","title":{"rendered":"Quem Somos?"},"content":{"rendered":"\t\t<div data-elementor-type=\"wp-page\" data-elementor-id=\"364\" class=\"elementor elementor-364\" data-elementor-post-type=\"page\">\n\t\t\t\t<div class=\"elementor-element elementor-element-570bae1 e-con-full e-flex e-con e-parent\" data-id=\"570bae1\" data-element_type=\"container\" data-e-type=\"container\" data-settings=\"{&quot;background_background&quot;:&quot;classic&quot;}\">\n\t\t\t\t<\/div>\n\t\t<div class=\"elementor-element elementor-element-261e2b65 e-flex e-con-boxed e-con e-parent\" data-id=\"261e2b65\" data-element_type=\"container\" data-e-type=\"container\" data-settings=\"{&quot;background_background&quot;:&quot;classic&quot;}\">\n\t\t\t\t\t<div class=\"e-con-inner\">\n\t\t\t\t<div class=\"elementor-element elementor-element-7a9ea00d elementor-widget__width-initial elementor-widget-mobile__width-inherit animated-slow elementor-invisible elementor-widget elementor-widget-image-box\" data-id=\"7a9ea00d\" data-element_type=\"widget\" data-e-type=\"widget\" data-settings=\"{&quot;_animation&quot;:&quot;fadeIn&quot;}\" data-widget_type=\"image-box.default\">\n\t\t\t\t<div class=\"elementor-widget-container\">\n\t\t\t\t\t<div class=\"elementor-image-box-wrapper\"><div class=\"elementor-image-box-content\"><h3 class=\"elementor-image-box-title\">Sobre n\u00f3s<\/h3><p class=\"elementor-image-box-description\">Empresa especializada em irriga\u00e7\u00e3o por:<br>-Pivo central <br>-Gotejamento e aspers\u00e3o<br>-Irriga\u00e7\u00e3o de pastagens<br>-Obras hidr\u00e1ulicas<br>-Esta\u00e7\u00f5es de bombeamento e adutoras<br>-Impermeabiliza\u00e7\u00e3o de reservat\u00f3rios<br>-Projetos de constru\u00e7\u00e3o de represas e piscin\u00f5es. <br>-Consultoria <br>-Gest\u00e3o de irriga\u00e7\u00e3o<\/p><\/div><\/div>\t\t\t\t<\/div>\n\t\t\t\t<\/div>\n\t\t\t\t<div class=\"elementor-element elementor-element-e0452bb elementor-widget__width-initial elementor-invisible elementor-widget elementor-widget-image\" data-id=\"e0452bb\" data-element_type=\"widget\" data-e-type=\"widget\" data-settings=\"{&quot;_animation&quot;:&quot;fadeInUp&quot;}\" data-widget_type=\"image.default\">\n\t\t\t\t<div class=\"elementor-widget-container\">\n\t\t\t\t\t\t\t\t\t\t\t\t\t\t\t<img fetchpriority=\"high\" decoding=\"async\" width=\"768\" height=\"432\" src=\"https:\/\/proirriga.com\/wp-content\/uploads\/2023\/02\/DJI_0023-768x432.jpg\" class=\"attachment-medium_large size-medium_large wp-image-847\" alt=\"\" srcset=\"https:\/\/proirriga.com\/wp-content\/uploads\/2023\/02\/DJI_0023-768x432.jpg 768w, https:\/\/proirriga.com\/wp-content\/uploads\/2023\/02\/DJI_0023-300x169.jpg 300w, https:\/\/proirriga.com\/wp-content\/uploads\/2023\/02\/DJI_0023-1024x576.jpg 1024w, https:\/\/proirriga.com\/wp-content\/uploads\/2023\/02\/DJI_0023-1536x864.jpg 1536w, https:\/\/proirriga.com\/wp-content\/uploads\/2023\/02\/DJI_0023-200x113.jpg 200w, https:\/\/proirriga.com\/wp-content\/uploads\/2023\/02\/DJI_0023-600x338.jpg 600w, https:\/\/proirriga.com\/wp-content\/uploads\/2023\/02\/DJI_0023.jpg 1920w\" sizes=\"(max-width: 768px) 100vw, 768px\" title=\"\">\t\t\t\t\t\t\t\t\t\t\t\t\t\t\t<\/div>\n\t\t\t\t<\/div>\n\t\t\t\t\t<\/div>\n\t\t\t\t<\/div>\n\t\t\t\t<section class=\"elementor-section elementor-top-section elementor-element elementor-element-68586f2b elementor-section-boxed elementor-section-height-default elementor-section-height-default elementor-invisible\" data-id=\"68586f2b\" data-element_type=\"section\" data-e-type=\"section\" data-settings=\"{&quot;animation&quot;:&quot;fadeIn&quot;}\">\n\t\t\t\t\t\t<div class=\"elementor-container elementor-column-gap-default\">\n\t\t\t\t\t<div class=\"elementor-column elementor-col-100 elementor-top-column elementor-element elementor-element-66e5d729\" data-id=\"66e5d729\" data-element_type=\"column\" data-e-type=\"column\">\n\t\t\t<div class=\"elementor-widget-wrap elementor-element-populated\">\n\t\t\t\t\t\t<section class=\"elementor-section elementor-inner-section elementor-element elementor-element-65be60f4 elementor-section-boxed elementor-section-height-default elementor-section-height-default elementor-invisible\" data-id=\"65be60f4\" data-element_type=\"section\" data-e-type=\"section\" data-settings=\"{&quot;animation&quot;:&quot;fadeInLeft&quot;}\">\n\t\t\t\t\t\t<div class=\"elementor-container elementor-column-gap-default\">\n\t\t\t\t\t<div class=\"elementor-column elementor-col-50 elementor-inner-column elementor-element elementor-element-3c7187ed\" data-id=\"3c7187ed\" data-element_type=\"column\" data-e-type=\"column\">\n\t\t\t<div class=\"elementor-widget-wrap elementor-element-populated\">\n\t\t\t\t\t\t<div class=\"elementor-element elementor-element-7fdd415f elementor-widget elementor-widget-htmega-counter-addons\" data-id=\"7fdd415f\" data-element_type=\"widget\" data-e-type=\"widget\" data-widget_type=\"htmega-counter-addons.default\">\n\t\t\t\t<div class=\"elementor-widget-container\">\n\t\t\t\t\t            <div class=\"htmega-counter-area htmega-counter-style-1 htmega-countericon-align-\">\n\n            \n                                <div class=\"htmega-counter-content\">\n                    <span class=\"htmega-counter-number\" data-to-value=\"23\">0<\/span><span class=\"htmega-suffix\">+<\/span><h2 class=\"htmega-counter-title\">Anos de experi\u00eancia<\/h2>                <\/div>\n            <\/div>\n        \t\t\t\t<\/div>\n\t\t\t\t<\/div>\n\t\t\t\t\t<\/div>\n\t\t<\/div>\n\t\t\t\t<div class=\"elementor-column elementor-col-50 elementor-inner-column elementor-element elementor-element-1a2a3d4b\" data-id=\"1a2a3d4b\" data-element_type=\"column\" data-e-type=\"column\">\n\t\t\t<div class=\"elementor-widget-wrap elementor-element-populated\">\n\t\t\t\t\t\t<div class=\"elementor-element elementor-element-3ab95e47 elementor-widget elementor-widget-htmega-counter-addons\" data-id=\"3ab95e47\" data-element_type=\"widget\" data-e-type=\"widget\" data-widget_type=\"htmega-counter-addons.default\">\n\t\t\t\t<div class=\"elementor-widget-container\">\n\t\t\t\t\t            <div class=\"htmega-counter-area htmega-counter-style-1 htmega-countericon-align-\">\n\n            \n                                <div class=\"htmega-counter-content\">\n                    <span class=\"htmega-counter-number\" data-to-value=\"100\">0<\/span><span class=\"htmega-suffix\">%<\/span><h2 class=\"htmega-counter-title\">Satisfa\u00e7\u00e3o garantida<\/h2>                <\/div>\n            <\/div>\n        \t\t\t\t<\/div>\n\t\t\t\t<\/div>\n\t\t\t\t\t<\/div>\n\t\t<\/div>\n\t\t\t\t\t<\/div>\n\t\t<\/section>\n\t\t\t\t\t<\/div>\n\t\t<\/div>\n\t\t\t\t\t<\/div>\n\t\t<\/section>\n\t\t\t\t<\/div>\n\t\t","protected":false},"excerpt":{"rendered":"<p>Sobre n\u00f3s Empresa especializada em irriga\u00e7\u00e3o por:-Pivo central -Gotejamento e aspers\u00e3o-Irriga\u00e7\u00e3o de pastagens-Obras hidr\u00e1ulicas-Esta\u00e7\u00f5es de bombeamento e adutoras-Impermeabiliza\u00e7\u00e3o de reservat\u00f3rios-Projetos de constru\u00e7\u00e3o de represas e piscin\u00f5es. -Consultoria -Gest\u00e3o de irriga\u00e7\u00e3o 23+ Anos de experi\u00eancia 100% Satisfa\u00e7\u00e3o garantida<\/p>\n","protected":false},"author":1,"featured_media":0,"parent":0,"menu_order":0,"comment_status":"closed","ping_status":"closed","template":"","meta":{"om_disable_all_campaigns":false,"_monsterinsights_skip_tracking":false,"_monsterinsights_sitenote_active":false,"_monsterinsights_sitenote_note":"","_monsterinsights_sitenote_category":0,"footnotes":""},"class_list":["post-364","page","type-page","status-publish","hentry"],"_links":{"self":[{"href":"https:\/\/proirriga.com\/index.php?rest_route=\/wp\/v2\/pages\/364","targetHints":{"allow":["GET"]}}],"collection":[{"href":"https:\/\/proirriga.com\/index.php?rest_route=\/wp\/v2\/pages"}],"about":[{"href":"https:\/\/proirriga.com\/index.php?rest_route=\/wp\/v2\/types\/page"}],"author":[{"embeddable":true,"href":"https:\/\/proirriga.com\/index.php?rest_route=\/wp\/v2\/users\/1"}],"replies":[{"embeddable":true,"href":"https:\/\/proirriga.com\/index.php?rest_route=%2Fwp%2Fv2%2Fcomments&post=364"}],"version-history":[{"count":39,"href":"https:\/\/proirriga.com\/index.php?rest_route=\/wp\/v2\/pages\/364\/revisions"}],"predecessor-version":[{"id":909,"href":"https:\/\/proirriga.com\/index.php?rest_route=\/wp\/v2\/pages\/364\/revisions\/909"}],"wp:attachment":[{"href":"https:\/\/proirriga.com\/index.php?rest_route=%2Fwp%2Fv2%2Fmedia&parent=364"}],"curies":[{"name":"wp","href":"https:\/\/api.w.org\/{rel}","templated":true}]}}